**2 - 13*g - 1. Let x(y) = -3*l(y) - 4*m(y). Determine x(10).
45
Let x(c) = 227*c**3 - 7*c**2 + 228*c**3 + 4*c + 229*c**3 + 40 - 683*c**3 - 5*c. Calculate x(6).
-2
Let l(b) = b**2 + 9*b + 4. Let s(v) = -3*v**2 - 25*v - 11. Let d(w) = -14*l(w) - 5*s(w). Let n be 1/3*2*-3. Give d(n).
5
Let t = 2 + 0. Suppose -3*i + 14 = t. Let j(l) = 1 + 0*l**2 - l**2 + 2*l - 9*l + i*l. Determine j(-4).
-3
Let l = -10 + 14. Let t(y) be the second derivative of y**5/60 - y**4/24 - y**3/2 - y**2 - y. Let j(x) be the first derivative of t(x). What is j(l)?
9
Let u(l) = l + 5*l + 2*l**2 - 10 - l**2 + 2. Let d(x) = -1. Let j(k) = -3*d(k) + u(k). What is j(-6)?
-5
Let u(w) = 4*w**2 + w + 10. Let k(z) = -z**2 - 3. Let a(c) = 7*k(c) + 2*u(c). Let m(j) = 5*j**3 + 160*j**2 + j + 29. Let v be m(-32). Give a(v).
2
Let p(w) = -21*w - 24. Let u(h) = 3 + 4*h + 4 + 6 - 8. Let q(b) = -5*p(b) - 24*u(b). What is q(-1)?
-9
Let u(h) = h**3 - 3*h**2 - 5*h + 6. Let y be ((-16)/10)/(28/(-70)). Suppose y*q = 7*q. Suppose q = -5*l + 1 + 19. What is u(l)?
2
Let g(j) be the third derivative of -j**4/8 + j**3/6 - 66*j**2. Give g(3).
-8
Let g(j) = -j**2 + 8*j - 10. Suppose 20 = 3*m + 2*m. Let c be ((-6)/m)/((-3)/14). Let h be g(c). Let p(u) = -u**3 - 5*u**2 - 2*u + 2. What is p(h)?
-10
Let g(a) = 4*a + a + 290 - 3*a - 295. Determine g(3).
1
Suppose -2*p - f = 1, 5*p = 4*f + 11 + 19. Suppose p*v - 2*v = 3*v. Let b(r) = -1 - r**3 + 5 - 1 - r. Give b(v).
3
Let p(m) = -6*m**2 + 3 - 5*m + 3*m**2 + m + 8*m**2. Suppose -8*f + 8 = -8. Give p(f).
15
Suppose z = -4*q - 0*z + 21, 0 = -z - 3. Let n(g) be the second derivative of -5*g + 0 + 5/12*g**4 - 1/20*g**5 + 4/3*g**3 - 9/2*g**2. Calculate n(q).
3
Let l(o) = -7 - 3 - 64*o + 30*o + 33*o + 1. Let k(y) = 11*y**3 + 1. Let s be k(-1). What is l(s)?
1
Let d(w) be the third derivative of 1/6*w**3 + 0*w + w**2 - 1/4*w**4 + 0. Calculate d(2).
-11
Let i(w) = w**3 + w**2 - w. Let z be i(0). Suppose z = -b - 0*b + 8. Let x(v) = -2*v + 12. Let j be x(b). Let g(r) = -2*r**2 - 4*r + 5. Give g(j).
-11
Let w(k) = -k**2 + 103. Let t be w(10). Let z(b) be the second derivative of b**5/20 - b**4/4 + 2*b**3/3 - b**2 - 6*b. Give z(t).
10
Let w(b) be the first derivative of -7*b**5/20 + b**4/12 - 13*b + 14. Let f(i) be the first derivative of w(i). Give f(-1).
8
Let c(i) = i**3 - 14*i**2 + 28*i - 7. Let q be c(12). Let r = 39 - q. Let y(f) = 14*f - 1. Give y(r).
-29
Let r(h) be the second derivative of -1/2*h**3 + 1/20*h**5 - 1/2*h**2 + 5*h - 1/6*h**4 + 0. What is r(3)?
-1
Let m(p) = -p**2 + 7*p - 11*p - 2*p**2 - 7 + p**3. Let t(r) = r**3 - 48*r + 12. Let k be t(-7). What is m(k)?
23
Let m(x) = -x - 1. Let i(r) = 12*r + 30. Let b be i(-3). Calculate m(b).
5
Let o(x) = -x**3 - x**2 - 8. Let u(d) = -d + 11. Let z be u(15). Let m be z - (-9)/(36/(-40)). Let w = 14 + m. What is o(w)?
-8
Let m(f) = f + 8. Let q(g) = -1. Let v(s) = -m(s) - 6*q(s). What is v(3)?
-5
Let v(b) = -b**2 + 9*b + 11. Suppose -3*w + 42 = 3*z, -4*z + w = -0*w - 31. What is v(z)?
11
Let b(w) = -3*w**2 - 19*w - 7. Let n be b(-6). Let g be (n/((-6)/4))/((-36)/162). Let s(q) = -q**3 - 2*q**2 + 5*q + 2. Calculate s(g).
-4
Let q be ((-40)/(-42)*(-99)/66)/((-1)/(-7)). Let v(k) be the second derivative of k**4/12 + 11*k**3/6 + 11*k**2/2 + k. Calculate v(q).
1
Let n(j) = -j**3 + 97*j - 50*j + 12*j**2 - 55*j - 24. Calculate n(11).
9
Let k(v) = 3*v + 2. Let y(b) = -9*b + 4. Let c be y(-1). Let f be (0 - -1)*5*3. Let r = c - f. Determine k(r).
-4
Let p(t) = -t**2 + 8*t - 8. Suppose u + 62 = -u. Let h = u - -37. Determine p(h).
4
Let r = -362 + 358. Let l(o) be the second derivative of o**4/12 + o**3/3 - 5*o**2/2 - 2*o. What is l(r)?
3
Let l(b) = 4 + 2*b**2 - 4*b**2 - 4*b**3 + 6*b**3 - 3*b**3 + 3*b. Let j be (18/4)/((-10)/20). Let g = j + 6. What is l(g)?
4
Let v be 6/9 - (-24)/18. Let x(f) = -f**2 - f - 2 + 2*f**v + 0*f. Let q(o) = -o - 4. Let r be q(-4). Determine x(r).
-2
Let o(v) = 44 + 7*v - v**2 - 93 + 0*v**2 + 47. Let b(f) = 3*f - 3. Let t be b(3). What is o(t)?
4
Let r(z) = -z**2 + 7*z. Let h be r(6). Let k be (-2 + 3)*(3 - -1). Let u(n) = -3 + 8 + 3*n + 2 - k*n. What is u(h)?
1
Let s(y) = -2*y**2 - 2*y**2 - 30*y + 33*y - y**3 - 6. What is s(-5)?
4
Let z(a) = -3*a**2 + 405 - 400 + 5*a + 2*a**2. Suppose 4*j - 5*r - 23 = 0, j + j - 10 = 4*r. Let c be j/(-3)*-3 - 2. What is z(c)?
5
Let i(q) = q**2 + 4*q - 2. Let m(z) = -2*z**2 - 10*z + 3. Let v(r) = -5*i(r) - 2*m(r). Give v(2).
0
Let k(s) = -s - 2 + 4*s + 0. Let o(n) = -574*n - 1726. Let w be o(-3). Calculate k(w).
-14
Let x(d) = -81 - 2*d - 3*d**2 - 86 + 171 + 10*d**2 - d**3 - 2*d. Give x(6).
16
Let y(t) = -4*t**3 - 2*t + 1. Let d be (19 + -18)*(3/1)/3. What is y(d)?
-5
Suppose 4*k + 7 - 19 = 0. Let t(a) = a + k + 2*a**2 - 6*a**2 + 3*a + a**3 - 5. Calculate t(2).
-2
Let p(k) = -k**2 + k + 1. Suppose 3*b + 5*x = 209, -4*b + x + 188 = -106. Let w = -73 + b. What is p(w)?
1
Let y(p) = p**3 + 6*p**2 + 5*p. Suppose -3*g + 28 = s + 2, -2*g + 94 = 4*s. Suppose -s = -2*o - 7. Let v = o - 13. Determine y(v).
0
Let a(h) = h**3 + 3*h**2 - 4*h - 5. Suppose 10 - 26 = 4*p. Determine a(p).
-5
Let x = -15 + 18. Suppose -c + x = 1. Let b(u) = 5*u**2 + 2*u + 1. What is b(c)?
25
Let a(f) = 3*f + 20. Let c be a(-6). Let x(q) = -24 + 5*q - 6*q**c - q**3 + 24. Determine x(-7).
14
Let r(j) be the third derivative of j**6/720 - j**5/120 - 11*j**4/24 - 17*j**2. Let l(a) be the second derivative of r(a). Give l(-5).
-6
Let n(z) = 2*z**3 - 32*z**2 - 2*z - 47. Let q(a) = -a**3 + 19*a**2 + a + 23. Let w(o) = -3*n(o) - 5*q(o). Give w(0).
26
Let s(f) = -2721737*f**2 + 1 - f + 2721737*f**2 + 0*f**3 + f**3. Let z = 13 + -7. Suppose 2*n - z*n = 0. Determine s(n).
1
Suppose 19 = 4*s + 3. Let x(i) be the third derivative of -i**6/120 + i**5/15 - i**4/24 + i**3/3 + 7*i**2 - 84*i. What is x(s)?
-2
Suppose 28*s - 36 = 46*s. Let p(j) = 7*j + 6. Determine p(s).
-8
Let r = -160 + 171. Let i(x) = -x**3 + 11*x**2 + x + 1. Calculate i(r).
12
Let j be 8/20*10 - -7. Let r(v) = -j*v + 3 + 26*v - 7*v - 5*v. Determine r(-4).
-9
Let a be 756/324*(-12)/(-14). Let y be (-47)/(-9) - (-4)/(-18). Let p(u) = 1 + 0*u - u**2 - 2*u + y*u. Give p(a).
3
Let k(c) = -26*c - 4. Let s(y) = 32*y + 5. Let f(g) = 5*k(g) + 4*s(g). Let z be 6/2 - (1 + 1). What is f(z)?
-2
Let r be (42/(-8))/((-3)/8). Let j(g) = g**3 + r*g + 5 - 5*g**2 - 13*g + 0*g**3. Let o = -7 + 12. Calculate j(o).
10
Let y(g) be the second derivative of g**5/20 + g**4/3 + 5*g**3/6 + 3*g**2 - 4*g. Let n be y(-3). Let r(s) = -s**2 - s + 10. Give r(n).
10
Let r = -25 - -22. Let g(f) = 5*f**3 - 8*f**2 - 6*f + 10. Let y(c) = 14*c**3 - 23*c**2 - 17*c + 29. Let h(p) = -17*g(p) + 6*y(p). What is h(r)?
13
Let v(m) = -m**2 - 10*m + 2. Let h be v(-10). Suppose -2*z + 3 = 2*z + c, -h*z = 5*c + 3. Let n(a) = z - 1 - 1 + 3*a + 0. Give n(-2).
-7
Let k = -25 - -25. Let y(x) = x**2 - 1. Let l(t) = -t**3 + 2*t**2 - t. Let h(p) = l(p) - 2*y(p). Calculate h(k).
2
Let d(u) = u**3 + 5*u**2. Let x = 72 - 68. Suppose -74 + 54 = x*j. Determine d(j).
0
Suppose x + 0*x - 4 = 0, -3*x + 32 = 5*w. Let h(o) = -4*o**2 + 2*o**2 - w - 2*o**2 + o + 5*o**2. Give h(3).
8
Let n(r) = 7*r - 27. Let p(g) = 5*g - 13. Let d(k) = -26*k + 65. Let v(z) = 2*d(z) + 11*p(z). Let u(q) = -2*n(q) + 5*v(q). Calculate u(5).
-6
Let t(q) = q**3 + q + 1. Let s be (-15)/35 + 135/21. Suppose 0 = -r + 3*c + 5, 0*r - s = 4*r + c. What is t(r)?
-1
Let t(m) be the third derivative of m**4/24 - m**3/6 + 442*m**2. Calculate t(7).
6
Let v(n) = n**2 + 9*n + 3. Let s(u) = 3*u**2 + 19*u + 5. Let p(q) = -2*s(q) + 5*v(q). Suppose -28 = 6*l - 100. Let t = l - 4. Give p(t).
-3
Let b = -15 + 18. Suppose 0 = 5*w - b + 18. Let l be 4 + 1/w*0. Let o(j) = j**2 - 4*j + 3. What is o(l)?
3
Let d(j) be the second derivative of j**3/6 - 3*j**2/2 - j. Let a = -32601 - -32594. Determine d(a).
-10
Let g(y) be the first derivative of y**2/2 - y + 29. Calculate g(-7).
-8
Let r be 132/42 - 2/14. Let a be 3/(-1)*4/r. Let c(b) = -3*b**3 + 5*b**2 + 8*b + 2. Let v(h) = -h**3 + h. Let y(s) = -c(s) + 4*v(s). Give y(a).
-2
Let v(j) = -j**3 + 7*j**2 + j - 5. Let h be v(7). Let k(g) = 0*g**2 - 2*g - 1 + g**h + 2*g. Let y(s) = -s**2 + 3*s - 3. Let i be y(2). Calculate k(i).
0
Let t(w) = 6*w + 2 + 128*w**2 - 64*w**2 - 63*w**2. Give t(-5).
-3
Let z be 0 +